- y. Calculate the remainder when m is divided by 4.
1
Let t = 42 - 32. What is the remainder when 66 is divided by -5*((-64)/t - -3)?
15
Let h(t) = -4*t - 89. Let i be h(-23). Suppose -2*n + i*k + 90 = 0, 0 = 4*n - k + 3*k - 148. What is the remainder when n is divided by 14?
11
Suppose 2*d = -0*d + 4. Suppose 0 = -5*u + 4*j + 110, -5*j = -d*u + 34 + 27. Let l(k) = -22*k - 83. What is the remainder when u is divided by l(-4)?
3
Suppose -5*i = 2*q - 6*i + 10, 2*i - 5 = -q. What is the remainder when 105 is divided by q/(-1) + (-462)/(-14)?
33
Let w(y) = -6*y + 3. What is the remainder when (-5)/300*3*2 + (-16913)/(-130) is divided by w(-5)?
31
Let q = 625 + -619. Suppose 0 = -3*o + 3*b + 48, -o = o + 3*b - 7. Calculate the remainder when o is divided by q.
5
Suppose -303 + 1427 = -4*n. Let y = n + 424. Let k = y - 94. Calculate the remainder when k is divided by 13.
10
Calculate the remainder when (-2)/(-5) + (-21312)/(-120) is divided by 26.
22
Let c(w) = -w**3 - 3*w**2 + 4*w - 1. Let s be (-44)/(-12) - 6/9. Let u = 9 + s. What is the remainder when c(-6) is divided by u?
11
Let a(f) = f**2 - 13. Let o be -1*(-1 - 0)*1. Calculate the remainder when a(6) is divided by o/1*(4 - -2).
5
Suppose 3*k + 0*k + 15 = 0, k + 713 = 3*p. Calculate the remainder when p is divided by 8.
4
Suppose 4*b - 3*p = 151, 2*p - 24 = -2*b + b. Suppose 23*j + 3031 = 49*j + 457. Calculate the remainder when j is divided by b.
31
Suppose 0 = 4*l - 5*l + 5*n - 6, 0 = l - 3*n. Suppose 151 + 374 = 25*f. What is the remainder when f is divided by l?
3
Suppose -2*r + 4*r = 0. Suppose 54 + 17 = 5*i - 4*w, -4*i - w = -40. What is the remainder when (1 + r)*(-1 - -44) is divided by i?
10
Suppose 0 = 8*w - 201 - 111. Calculate the remainder when w is divided by 30.
9
Let v = 296 - 159. Let n = 1 + -2. What is the remainder when v is divided by 21*n*(-4)/3?
25
Suppose -21*d + 5389 + 554 = 0. Calculate the remainder when d is divided by 11.
8
Suppose -31 + 11 = 4*u, 0 = -b - 3*u - 8. Calculate the remainder when 2/(-9) + 32/144 + 26 is divided by (-1)/(1/(b*-1)).
5
Let b = -5 - -28. Calculate the remainder when 89 is divided by b.
20
Suppose 20*c = 35*c - 150. Suppose -72 = -2*a - a + 5*f, -f = 3. What is the remainder when a is divided by c?
9
Let u = 556 + -8. Calculate the remainder when u is divided by 19.
16
Suppose -9*s = -822 + 84. What is the remainder when s is divided by (-1474)/(-121) - (-2)/(-11)?
10
Let t(z) = 9*z**3 - 6*z**2 + 10*z - 14. What is the remainder when t(3) is divided by 72?
61
Let f(u) = 45*u - 291. What is the remainder when f(12) is divided by 10?
9
Suppose -4*x + 84 = -4*w, 5*w = 2*x - 25 - 20. Let i(u) = u**2 + 37. Calculate the remainder when i(0) is divided by x.
17
Let y = 20 + -7. Suppose 3*m - 5*l - 39 = -0*l, -2*m - 2*l = -10. Calculate the remainder when y is divided by m.
5
Calculate the remainder when 284 is divided by (-33 - -1)*(-16)/32.
12
Suppose -5*b + 2*k - 6*k = -22, 3*k = b + 7. Suppose -3*a + 21 = -b*i - 19, -4*a - 3*i + 76 = 0. What is the remainder when 41 is divided by a?
9
Suppose 3*x + 20 = 8*x. Suppose -l + 51 = x*s, 4*s + 4*l - 9 - 27 = 0. What is the remainder when 49 is divided by s?
7
Calculate the remainder when 248 is divided by 3 - 1160/(-56) - 14/(-49).
8
Let p(l) = 2*l**2 - 2*l - 12. Let a(f) = -5*f + 40. Let w be a(9). Calculate the remainder when p(w) is divided by 13.
9
Calculate the remainder when 777 is divided by 432/180*(-10)/(-6) + 42.
41
Let i = 521 - 247. Calculate the remainder when i is divided by 12.
10
Let w(l) = 2*l + 25. Let q be w(0). Let x = q - 11. Calculate the remainder when x is divided by 10.
4
Suppose -50 = -4*u - 2*j - 0*j, 5*j = -u + 35. Suppose -6 = u*y - 12*y. Calculate the remainder when 90 is divided by 20 + -1 + y + 1.
21
What is the remainder when (-1518)/(-20) - (-3)/30 is divided by 16?
12
Calculate the remainder when (-5940)/(-189) - 3/7 is divided by 20.
11
Suppose 0*u = -2*u + 8. Suppose -p + 105 = u*p. What is the remainder when p is divided by 8?
5
Suppose h = -3*d + 32, -129 = -4*h + 5*d + 67. What is the remainder when 77 is divided by h?
33
Suppose l - 1701 = -1607. What is the remainder when 118 is divided by l?
24
Suppose -12*r + 1820 = 2*r. Calculate the remainder when r is divided by 44.
42
Let i(m) = m**2 - 6*m + 1. Let y be i(5). Let a(u) = -u - 4. Let k be a(y). Suppose 0*b + 2*b - 8 = k. Calculate the remainder when 6 is divided by b.
2
Suppose 0 = 3*r + 3*d - 51, 0 = -3*r - d - 8 + 67. Let n = 23 + r. What is the remainder when n is divided by 12?
8
Let h = 52 - 33. Suppose 0 = -3*c - 5*s - h, -c + 4*c - 21 = 3*s. Suppose -c = -f + 9. Calculate the remainder when 19 is divided by f.
8
Let d be ((-1)/3)/(18/(-5076)). Let j = d - 23. Calculate the remainder when j is divided by 38.
33
Suppose 12*y - 135 = -15*y. Calculate the remainder when -2 + 1 + 0 - -9 is divided by y.
3
Suppose -2*w = 5*n - 62, -2*n + 6*n - 172 = -5*w. Suppose 0 = -2*i - 0*i + w. What is the remainder when 52 is divided by i?
16
Suppose -62 - 58 = -12*f. What is the remainder when f is divided by 9?
1
Let q(s) = s**2 + 12*s + 14. Let j be q(-11). Suppose 0 = w - g - 3 - 14, -4*g - 46 = -j*w. What is the remainder when 64 is divided by w?
20
Let b be (-5 - (-1 - -3)) + 2. Let q(u) = u**3 + 5*u**2 - 2*u - 7. What is the remainder when 6 is divided by q(b)?
0
What is the remainder when 176 is divided by 26 + 16 - 6/1*1?
32
Let s = 13 - 11. Suppose 3*z - d - 309 = 0, s*z + 4*d = 65 + 141. Calculate the remainder when z is divided by 26.
25
Let w = 105 - 52. Suppose -24 = -2*a - 2*f, 5*a + 2*f = 7*f + 10. What is the remainder when w is divided by a?
4
Suppose -2*g = -5*g + 54. Let w = -513 - -525. What is the remainder when g is divided by w?
6
Let g = 50 + -28. Let q(r) = r**2 - 10*r - 6. Let v be q(11). Calculate the remainder when g is divided by (18/8)/((-770)/160 + v).
10
Suppose 0 = -15*c + 111 + 549. What is the remainder when c is divided by 4?
0
Let i(m) = -10*m + 7. Let q be i(-8). Let c = -65 + q. What is the remainder when c is divided by 13?
9
Suppose g + 5*t - 2 = 0, 5*g + 0*t - 2*t - 37 = 0. What is the remainder when (-6)/8 + (-102)/(-8) is divided by g?
5
Suppose -5*h - 6 = -5*y - 26, 4*h + 4*y = 0. Let u = 3 + -3. Suppose u = -h*g + 2*a + 12, 3*a = -g + 2*a. What is the remainder when 5 is divided by g?
2
Suppose 0 = j - 4*h - 380 + 55, 4*j - 1228 = -2*h. What is the remainder when j is divided by 108?
93
Suppose -18*d = 2*d - 580. Calculate the remainder when d is divided by 5.
4
Suppose 6*j - 210 = j. Suppose 7*x - j = 5*x. Let u(c) = 3*c - 7. Calculate the remainder when x is divided by u(6).
10
Suppose 2*m - w - w - 30 = 0, 3*m - 31 = -4*w. Suppose 0 = -3*r + 17 + m. What is the remainder when 38 is divided by r?
8
Suppose u + 2*s = 22, 3*s = -u - 9 + 36. Calculate the remainder when 214 is divided by u.
10
Suppose 327*m = 334*m - 91. Calculate the remainder when 33 is divided by m.
7
Let f(t) be the first derivative of 7 + 1/2*t**2 + 11/3*t**3 + t. Calculate the remainder when f(-3) is divided by 33.
31
Let w(t) = -39*t**2 - t + 1. Let z be w(1). Let k = z - -98. Calculate the remainder when k is divided by 20.
19
Let k(f) be the third derivative of f**5/30 - 7*f**4/24 - 14*f**2. Let s be k(4). What is the remainder when 61 is divided by (-9)/(9/s) + 35?
30
Suppose -2*u = -5*u + 90. Calculate the remainder when 12/(-1) - (3 + -73) is divided by u.
28
Let y(t) = t**2 + 10. Suppose w - 3*z = -4*w + 54, w - 2 = 5*z. Calculate the remainder when y(w) is divided by 39.
37
Let g be 1*5*(-5)/(-1). Suppose -c = -6*c + g. Suppose -4*w + 110 = 3*y, 0*y + 4*y - 137 = -c*w. Calculate the remainder when w is divided by 10.
9
Let h(o) = -o**2 - 8. Let j(p) = p. Let l(r) = -h(r) - 6*j(r). Calculate the remainder when 3 is divided by l(5).
0
Let o be 18 - (2*(3 - 2) - 3). Suppose -o*f + 889 = -12*f. What is the remainder when f is divided by 26?
23
Suppose 8*j + 128 - 376 = 0. What is the remainder when 524 is divided by j?
28
Suppose 560*n - 554*n = 960. What is the remainder when n is divided by 86?
74
Suppose -495 = -5*x - 80. Let b(p) = p**2 - p + 2. Calculate the remainder when x is divided by b(-4).
17
Let j = -115 + 116. What is the remainder when j*16*(0 - 2/(-1)) is divided by 17?
